4 = -2*i + 11. Suppose 6*h = -h + i. Suppose -h*q = -2*q - 87. What is the tens digit of q?
2
Suppose h + 2*h - 2883 = 0. What is the units digit of h?
1
Suppose 0 = 10*j + 87 - 1017. What is the units digit of j?
3
Suppose 0 = 2*b - 360 - 2022. What is the hundreds digit of b?
1
Suppose -2*t + 3797 = 1037. What is the units digit of t?
0
Let b = -2272 + 3507. What is the thousands digit of b?
1
Let m(l) = 9 + 10*l + l**2 - 7 + 8. Let i = 96 + -105. What is the units digit of m(i)?
1
Suppose 4*d + 214 = 3*u + 3*d, 234 = 3*u + 3*d. What is the units digit of u?
3
Suppose 12 = 4*a - 4, 333 = s - 2*a. What is the units digit of s?
1
Suppose -s + 15 = -2. Suppose -5*w + s - 2 = 0. Suppose -j - 18 = -w*j. What is the units digit of j?
9
Let h(y) = y + 3. Let z be h(0). Suppose 0 = -3*b - 3*u + 348, -z*b + 4*u = -2*b - 141. What is the units digit of b?
1
Suppose -85 = -2*o - 5*s, -2*o + 2*s = -s - 45. Suppose o = g - 29. What is the units digit of g?
9
Let r(g) = -g**3 + 6*g**2 - 5*g + 5. Let z be r(4). Let s(w) = -w**3 + 16*w**2 + 18*w + 26. What is the units digit of s(z)?
3
Suppose 0 = -22*p + 30*p - 8688. What is the hundreds digit of p?
0
Let m be 4*(1588/16 + 3). Suppose 0*t - 667 = -5*b + 2*t, 0 = -3*b - t + m. Suppose 0 = 3*o + 2*o - b. What is the tens digit of o?
2
Let k = -140 + 280. Suppose z = -5*r + k, 5*z - 5*r - 67 - 483 = 0. What is the hundreds digit of z?
1
Let l be 93 + -2 + 1 - (-3 + 0). Suppose -2*z - 3*n = -l, -n = 4*z - 0*n - 175. What is the tens digit of z?
4
Let k(g) = 401*g - 655. What is the units digit of k(9)?
4
Let g(n) = 1 + 0*n + 6*n**2 + 15*n - 4. What is the hundreds digit of g(5)?
2
Suppose 5*r - 2*x + 13 = -34, -2*r + 5*x - 23 = 0. Let a be (-6)/r - 159/9. Let p = a - -22. What is the units digit of p?
5
Suppose 504 = w + q, 13*w - 8*w - 2496 = 3*q. What is the tens digit of w?
0
Let h(s) = 21*s**2 + s. Suppose 3*q + 2*j = 17, -3*q - 15 + 38 = -j. Let x = -8 + q. What is the units digit of h(x)?
0
Let p(f) be the third derivative of f**6/180 - f**5/60 + f**4/24 + 2*f**3/3 - f**2. Let l(o) be the first derivative of p(o). What is the tens digit of l(-3)?
2
Suppose 63*n - 66*n = -6. Suppose 3*v - n = 1, -3*v = -2*m + 473. What is the units digit of m?
8
Let v be -3 - ((-12)/4)/1. Suppose g + 8 = 4, -4*x - 4*g + 64 = v. What is the units digit of 18*2*5/x?
9
Suppose 2*i = -22*i - 4*i. Let k = 8 + -3. Suppose m = -i*n + n, 4 = k*n - 3*m. What is the units digit of n?
2
Suppose 0 = -5*m + l + 51, 0 = 6*m - m + 3*l - 47. Let q be (-5)/m - (-9)/2. What is the tens digit of 1424/40 + q/10?
3
Suppose 65*n = 56*n + 4221. What is the hundreds digit of n?
4
What is the thousands digit of (-33944)/(-18) - (-7 + 61/9)?
1
Suppose t - 364 = 4*n, -4*n + 2*n = -6. What is the units digit of t?
6
Let j(d) = -d**3 + 6*d**2 - d - 2. Let b be j(5). Suppose 0 = 2*c - 13 + 5. What is the units digit of (-395)/(-45) + c/b?
9
Let i(f) = -12*f + 10. Let l be i(3). Let z = -23 - l. What is the units digit of z?
3
Let z(b) = b**3 + 3*b**2 + b - 2. Let k be z(-2). Suppose k = -5*y + 11*y - 144. What is the units digit of y?
4
Let j be 1 - (22/5 + 2/(-5)). Let h(y) be the third derivative of -y**6/120 - y**4/24 + y**3/2 + y**2. What is the tens digit of h(j)?
3
Let c(q) = 13*q**3 - 12*q**2 + 17*q + 20. What is the units digit of c(5)?
0
Suppose 0 = g + 2*k + 17, -2*g + 3*k + 4 = 52. Let c be (-4)/(-14) - (-132)/g. Let i = 10 + c. What is the units digit of i?
4
Let r(p) = p**2 + 9*p - 3. Let t = -50 + 72. Let d = 9 - t. What is the units digit of r(d)?
9
Let i = -313 + 222. Let w = i - -154. What is the tens digit of w?
6
Let b(m) = 19*m + 6. Let s(l) = -2*l - 3. Let j be s(-3). What is the tens digit of b(j)?
6
Let n(m) = -m**2 + 10*m. Suppose -9*u = -4*u - 60. Let i be n(u). Let y = -13 - i. What is the tens digit of y?
1
Let p(r) = -283 + 148 + 29*r + 144. What is the units digit of p(8)?
1
Let j be 15/(-20) - (-11)/4. Suppose -k + 103 + 70 = j*s, -4*k + 666 = -5*s. What is the tens digit of k?
6
Let v = 2024 - 384. What is the units digit of v/24 + (-1)/3?
8
Suppose 2*h + 4*p - 130 = 0, 5*h = 3*p + p + 255. Suppose -2*s = d - 109 - h, -3*s - 3*d = -252. What is the units digit of s?
0
Suppose -1211 = 4*w - 4*y - 4475, 2*w - 1640 = -2*y. What is the tens digit of w?
1
Let j = -7 - -24. Let a be (0 + 6 - 3) + 3 + -1. Let q = j - a. What is the tens digit of q?
1
Let g be 54/(-72) + (-2)/(8/(-55)). Suppose 12*y = g*y - 227. What is the hundreds digit of y?
2
Let r(l) = l**3 - 6*l**2 - 40*l + 1. What is the units digit of r(10)?
1
Let v(s) = s - 18. Let r be v(8). Let a = 28 + r. What is the tens digit of a?
1
Let c be -2 + -1 - (-5 + 3). Let j be -2 - (3/c - 3). Suppose 5*i - j*d = -d + 63, 16 = 4*d. What is the units digit of i?
5
Suppose 2*s = 7*s. Let c = 72 - 17. Suppose -2*m - 5*b = -18 - 33, s = -2*m - b + c. What is the units digit of m?
8
Let b be ((-3)/6)/((-2)/(-1084)*-1). Suppose -6*i + b + 245 = 0. What is the tens digit of i?
8
What is the thousands digit of (-15 - -34)*(100 - 3)?
1
Suppose -112544 = -45*p + 1036. What is the hundreds digit of p?
5
Let v(q) = q**2 + 7*q - 5. Let f be v(-6). Suppose -6*h + 3 = -129. Let n = f + h. What is the tens digit of n?
1
Suppose -v + 3*k + 10 = 0, -2*v + 4*k = -25 + 9. Suppose 35 = 3*m - 0*m - v*b, 4*b = m - 1. What is the tens digit of m?
1
Suppose -m = 3*k - 0*k - 11, 4*m + 11 = -k. What is the tens digit of ((-32)/(-20))/m - (-764)/10?
7
Let j(i) = i**2 - 2. Let f be j(-2). What is the tens digit of 166 + ((-4)/f)/(2/(-2))?
6
Let d = 76 - 62. Let a(n) = 18*n - 49. What is the tens digit of a(d)?
0
Let r(s) = 23*s**2 - 4. Let z be r(-4). Suppose -5*n = -256 - z. What is the hundreds digit of n?
1
Let m(p) = -p. Let b(j) = j + 10. Let z be b(6). Let l be z/(-7) + 2/7. What is the units digit of m(l)?
2
Let k be -3 + (33 + -3 - 3). Suppose -3*t + 5*t = k. What is the units digit of t?
2
Let u(w) = w**2 - 1. Let t(x) = 10*x**3 - 7*x**2 - x + 4. Let g(s) = -t(s) - 5*u(s). What is the tens digit of g(-3)?
8
Let h = 5 - -1. Suppose -5*t - h = -2*t. What is the units digit of 88/33*(-9)/t?
2
Suppose 14*u = 9*u + 90. Suppose -4*o + 42 = -u. What is the units digit of o?
5
Suppose -2*b + 4*f = -0*b + 24, 4*b = -4*f - 36. Let v = -8 - b. Suppose 3*q - 109 + 44 = -a, -106 = -v*a + 2*q. What is the tens digit of a?
5
Suppose 11*q - 13*q - 8 = 0. What is the hundreds digit of q + -5 + 197 - -3?
1
Let y(p) = -p**2 - 7*p - 6. Let x = -13 - -6. Let i be y(x). What is the tens digit of 22 - ((i - -1) + 2)?
2
Suppose 2*q + 2*s - 40 = -0*q, -5*q + 5*s + 100 = 0. What is the tens digit of q?
2
Suppose x + 3 = -3*f + 4*x, -39 = 4*f + 3*x. What is the tens digit of (-304)/(-5) + f/120*-4?
6
Suppose -z - 24 = 7*z. What is the hundreds digit of ((1 - 2)/1)/(z/537)?
1
Let q = 578 + 87. What is the hundreds digit of q?
6
What is the hundreds digit of (124/5)/(-8*4/(-400))?
3
Suppose 5*k - 20 = 0, 2*k + 3964 = 5*a - 2*k. What is the hundreds digit of a?
7
Suppose 682 = 6*r + 1864. Let w = -103 - r. What is the tens digit of w?
9
Let p(g) = -g**2 + 4*g + 8. Let a be (-6)/(-2 + 0) + 2. What is the units digit of p(a)?
3
Let w(n) = -2*n**3 - 49*n**2 - 81*n - 8. What is the units digit of w(-24)?
0
Let f be ((-99)/22)/((-2)/28). Let g = 18 + f. What is the units digit of g?
1
Suppose 0 = -5*h + 20, 0 = 4*i + 4*h - 36 + 4. Let t = 7 - i. Suppose 56 = u + t*u. What is the tens digit of u?
1
Let t = -124 + 74. Let o = t - -71. Suppose 2*z - o - 11 = 0. What is the tens digit of z?
1
Let o(t) = 7*t + 6. Let h = -13 - -6. Let l be h/2*(-152)/133. What is the tens digit of o(l)?
3
Let u(t) = -t**3 - 20*t**2 - 21*t - 4. Let m(h) = 7*h - 6. Let s(o) = 4*o - 3. Let c(f) = -6*m(f) + 11*s(f). Let r be c(-11). What is the units digit of u(r)?
4
What is the tens digit of (-25)/(7/(-448)*4)?
0
Let v be ((-20)/70)/(1/(-7)). Suppose -4*n + n + v*f + 184 = 0, 5*f = 3*n - 190. What is the tens digit of n?
6
Suppose 2*s - 136 = 384. What is the units digit of s?
0
Suppose -2*m + 50 = -3*d, 0*m - 3*m + 68 = -4*d. Let c be (9/(-18))/((-1)/d). What is the units digit of ((-28)/6)/(c/21)?
4
Let a(t) = 77*t**2 - 2*t + 1. Let o be a(1). Let l be (-1)/(-3) + 2*658/12. Let i = l - o. What is the units digit of i?
4
Let z(w) = 18 - 28 - 6 